 remainder when 524 is divided by 107.
96
Calculate the remainder when 264 is divided by 81.
21
What is the remainder when 9016 is divided by 167?
165
Calculate the remainder when 914 is divided by 83.
1
Calculate the remainder when 519 is divided by 169.
12
What is the remainder when 1376 is divided by 91?
11
What is the remainder when 500 is divided by 42?
38
What is the remainder when 20494 is divided by 28?
26
What is the remainder when 10798 is divided by 144?
142
Calculate the remainder when 617 is divided by 36.
5
Calculate the remainder when 2651 is divided by 2624.
27
What is the remainder when 551 is divided by 134?
15
Calculate the remainder when 20 is divided by 7.
6
Calculate the remainder when 238 is divided by 10.
8
What is the remainder when 207 is divided by 16?
15
What is the remainder when 663 is divided by 18?
15
Calculate the remainder when 769 is divided by 138.
79
What is the remainder when 233 is divided by 47?
45
What is the remainder when 183 is divided by 89?
5
Calculate the remainder when 198 is divided by 74.
50
What is the remainder when 759 is divided by 10?
9
What is the remainder when 166 is divided by 36?
22
What is the remainder when 1798 is divided by 483?
349
What is the remainder when 3607 is divided by 38?
35
What is the remainder when 298 is divided by 261?
37
What is the remainder when 474 is divided by 450?
24
What is the remainder when 973 is divided by 61?
58
What is the remainder when 532 is divided by 41?
40
Calculate the remainder when 171 is divided by 44.
39
Calculate the remainder when 126 is divided by 16.
14
What is the remainder when 1206 is divided by 17?
16
Calculate the remainder when 183 is divided by 76.
31
Calculate the remainder when 33 is divided by 29.
4
What is the remainder when 772 is divided by 86?
84
What is the remainder when 387 is divided by 12?
3
Calculate the remainder when 148 is divided by 40.
28
What is the remainder when 1139 is divided by 144?
131
What is the remainder when 1382 is divided by 8?
6
What is the remainder when 904 is divided by 19?
11
What is the remainder when 493 is divided by 31?
28
Calculate the remainder when 110 is divided by 8.
6
Calculate the remainder when 3973 is divided by 75.
73
Calculate the remainder when 243 is divided by 35.
33
What is the remainder when 1195 is divided by 28?
19
What is the remainder when 69 is divided by 65?
4
Calculate the remainder when 334 is divided by 56.
54
What is the remainder when 554 is divided by 31?
27
Calculate the remainder when 115 is divided by 21.
10
Calculate the remainder when 228 is divided by 160.
68
Calculate the remainder when 2493 is divided by 48.
45
What is the remainder when 1954 is divided by 316?
58
Calculate the remainder when 139 is divided by 49.
41
What is the remainder when 14012 is divided by 143?
141
What is the remainder when 90 is divided by 3?
0
What is the remainder when 128 is divided by 11?
7
Calculate the remainder when 67647 is divided by 82.
79
Calculate the remainder when 1184 is divided by 22.
18
What is the remainder when 589 is divided by 74?
71
What is the remainder when 97 is divided by 26?
19
Calculate the remainder when 304 is divided by 135.
34
Calculate the remainder when 1439 is divided by 20.
19
What is the remainder when 167 is divided by 28?
27
What is the remainder when 223 is divided by 98?
27
What is the remainder when 23613 is divided by 16?
13
What is the remainder when 243 is divided by 141?
102
What is the remainder when 1630 is divided by 799?
32
Calculate the remainder when 8567 is divided by 8.
7
What is the remainder when 65 is divided by 32?
1
Calculate the remainder when 1584 is divided by 527.
3
Calculate the remainder when 865 is divided by 97.
89
Calculate the remainder when 103 is divided by 33.
4
What is the remainder when 235 is divided by 49?
39
What is the remainder when 129 is divided by 33?
30
Calculate the remainder when 111 is divided by 12.
3
Calculate the remainder when 124 is divided by 48.
28
What is the remainder when 3125 is divided by 46?
43
Calculate the remainder when 634 is divided by 218.
198
What is the remainder when 2571 is divided by 33?
30
What is the remainder when 327 is divided by 108?
3
What is the remainder when 10460 is divided by 218?
214
Calculate the remainder when 48 is divided by 26.
22
Calculate the remainder when 66 is divided by 21.
3
Calculate the remainder when 237 is divided by 81.
75
What is the remainder when 606 is divided by 29?
26
What is the remainder when 38 is divided by 8?
6
Calculate the remainder when 77 is divided by 28.
21
What is the remainder when 73 is divided by 44?
29
What is the remainder when 345 is divided by 12?
9
Calculate the remainder when 183 is divided by 46.
45
Calculate the remainder when 1219 is divided by 30.
19
Calculate the remainder when 340 is divided by 41.
12
What is the remainder when 60 is divided by 25?
10
What is the remainder when 322 is divided by 164?
158
What is the remainder when 636 is divided by 52?
12
Calculate the remainder when 741 is divided by 208.
117
What is the remainder when 189 is divided by 16?
13
Calculate the remainder when 24636 is divided by 43.
40
Calculate the remainder when 107 is divided by 12.
11
What is the remainder when 283 is divided by 84?
31
What is the remainder when 47 is divided by 32?
15
Calculate the remainder when 471 is divided by 25.
21
What is the remainder when 2032 is divided by 9?
7
What is the remainder when 374 is divided by 75?
74
Calculate the remainder when 1075 is divided by 45.
40
Calculate the remainder when 667 is divided by 221.
4
What is the remainder when 482 is divided by 129?
95
What is the remainder when 1489 is divided by 398?
295
Calculate the remainder when 2372 is divided by 125.
122
Calculate the remainder when 452 is divided by 241.
211
Calculate the remainder when 142 is divided by 74.
68
Calculate the remainder when 586 is divided by 21.
19
What is the remainder when 80 is divided by 23?
11
What is the remainder when 5684 is divided by 36?
32
Calculate the remainder when 8448 is divided by 71.
70
Calculate the remainder when 1001 is divided by 106.
47
Calculate the remainder when 3233 is divided by 13.
9
Calculate the remainder when 138 is divided by 28.
26
What is the remainder when 291 is divided by 93?
12
Calculate the remainder when 573 is divided by 36.
33
What is the remainder when 363 is divided by 92?
87
What is the remainder when 553 is divided by 93?
88
What is the remainder when 324 is divided by 25?
24
What is the remainder when 1467 is divided by 15?
12
Calculate the remainder when 189 is divided by 61.
6
Calculate the remainder when 12208 is divided by 165.
163
What is the remainder when 1095 is divided by 8?
7
What is the remainder when 21 is divided by 12?
9
Calculate the remainder when 180 is divided by 13.
11
What is the remainder when 4254 is divided by 76?
74
Calculate the remainder when 153 is divided by 31.
29
Calculate the remainder when 2615 is divided by 24.
23
Calculate the remainder when 108 is divided by 14.
10
Calculate the remainder when 1508 is divided by 56.
52
What is the remainder when 142 is divided by 18?
16
What is the remainder when 544 is divided by 198?
148
What is the remainder when 62 is divided by 37?
25
What is the remainder when 281 is divided by 58?
49
Calculate the remainder when 197 is divided by 33.
32
What is the remainder when 1088 is divided by 536?
16
Calculate the remainder when 245 is divided by 45.
20
Calculate the remainder when 151 is divided by 14.
11
What is the remainder when 8589 is divided by 47?
35
What is the remainder when 56 is divided by 5?
1
What is the remainder when 2569 is divided by 184?
177
What is the remainder when 180 is divided by 37?
32
Calculate the remainder when 217 is divided by 6.
1
What is the remainder when 158 is divided by 35?
18
What is the remainder when 888 is divided by 3?
0
Calculate the remainder when 1765 is divided by 68.
65
Calculate the remainder when 2971 is divided by 84.
31
Calculate the remainder when 313 is divided by 130.
53
What is the remainder when 1391 is divided by 41?
38
What is the remainder when 12297 is divided by 82?
79
What is the remainder when 3475 is divided by 61?
59
Calculate